{"id":215,"date":"2023-01-06T13:30:27","date_gmt":"2023-01-06T13:30:27","guid":{"rendered":"https:\/\/helena-hepe.ch\/?page_id=215"},"modified":"2025-05-27T11:14:50","modified_gmt":"2025-05-27T11:14:50","slug":"sprache","status":"publish","type":"page","link":"https:\/\/helena-hepe.ch\/","title":{"rendered":"Sprechen"},"content":{"rendered":"\n<div style=\"height:19px\" aria-hidden=\"true\" class=\"wp-block-spacer\"><\/div>\n\n\n\n<h2 class=\"wp-block-heading\">Meine Stimme<\/h2>\n\n\n<div class=\"wp-block-image is-style-default\">\n<figure class=\"aligncenter size-full is-resized\"><img loading=\"lazy\" decoding=\"async\" width=\"1024\" height=\"1024\" src=\"https:\/\/helena-hepe.ch\/wp-content\/uploads\/2024\/06\/wordcloud_final-min.jpg\" alt=\"\" class=\"wp-image-280\" style=\"aspect-ratio:1.5;object-fit:cover;width:584px;height:auto\" srcset=\"https:\/\/helena-hepe.ch\/wp-content\/uploads\/2024\/06\/wordcloud_final-min.jpg 1024w, https:\/\/helena-hepe.ch\/wp-content\/uploads\/2024\/06\/wordcloud_final-min-300x300.jpg 300w, https:\/\/helena-hepe.ch\/wp-content\/uploads\/2024\/06\/wordcloud_final-min-150x150.jpg 150w, https:\/\/helena-hepe.ch\/wp-content\/uploads\/2024\/06\/wordcloud_final-min-768x768.jpg 768w, https:\/\/helena-hepe.ch\/wp-content\/uploads\/2024\/06\/wordcloud_final-min-88x88.jpg 88w, https:\/\/helena-hepe.ch\/wp-content\/uploads\/2024\/06\/wordcloud_final-min-900x900.jpg 900w\" sizes=\"auto, (max-width: 1024px) 100vw, 1024px\" \/><\/figure>\n<\/div>\n\n\n<div style=\"height:10px\" aria-hidden=\"true\" class=\"wp-block-spacer\"><\/div>\n\n\n\n<p class=\"has-text-align-left\">Beschrieben wird meine Stimme als freundlich, liebevoll, beruhigend und warm. Klar, locker und sympathisch. Frech, jung und fein, schnell und leistungsstark. <br>Als interessant, vielseitig, fantasievoll und selbstbewusst. <br>Manchmal rau und knarrend, zackig und kr\u00e4ftig, mit einem ansteckenden Lachen. <br>Meine Stimme ist mittig und hat einen grossen Spielraum. <br>Mit einem Stimmalter von 20 bis 40 und einem Spielalter von 12-40 wird mir eine gute Jugend-H\u00f6rspiel-Stimme zugesagt.<\/p>\n\n\n\n<p class=\"has-text-align-left\">Normal spreche ich ein reines Hochdeutsch, kann aber auch problemlos mit diversen Akzenten und auf anderen Sprachen sprechen. <br>Dazu geh\u00f6ren haupts\u00e4chlich Schweizerdeutsch und Englisch.<\/p>\n\n\n\n<div style=\"height:61px\" aria-hidden=\"true\" class=\"wp-block-spacer\"><\/div>\n\n\n\n<h3 class=\"wp-block-heading\">Meine H\u00f6rproben<\/h3>\n\n\n\n<div style=\"height:35px\" aria-hidden=\"true\" class=\"wp-block-spacer\"><\/div>\n\n\n\n<figure class=\"wp-block-audio\"><audio controls src=\"https:\/\/helena-hepe.ch\/wp-content\/uploads\/2024\/07\/Gaffer_Demo_fertig.mp3\"><\/audio><figcaption class=\"wp-element-caption\">&#8222;Gaffer&#8220; &#8211; In der Rolle einer Rettungssanit\u00e4terin gesprochen.<br>Schweizerdeutsch \/ Z\u00fcrid\u00fc\u00fctsch<\/figcaption><\/figure>\n\n\n\n<div style=\"height:59px\" aria-hidden=\"true\" class=\"wp-block-spacer\"><\/div>\n\n\n\n<figure class=\"wp-block-embed is-type-video is-provider-youtube wp-block-embed-youtube wp-embed-aspect-16-9 wp-has-aspect-ratio\"><div class=\"wp-block-embed__wrapper\">\n<iframe loading=\"lazy\" title=\"H\u00f6rprobe &quot;Leif und Evie in Swartalfheim&quot;\" width=\"629\" height=\"354\" src=\"https:\/\/www.youtube.com\/embed\/X25ZDLpxbb0?feature=oembed\" frameborder=\"0\" allow=\"accelerometer; autoplay; clipboard-write; encrypted-media; gyroscope; picture-in-picture; web-share\" referrerpolicy=\"strict-origin-when-cross-origin\" allowfullscreen><\/iframe>\n<\/div><\/figure>\n\n\n\n<div style=\"height:44px\" aria-hidden=\"true\" class=\"wp-block-spacer\"><\/div>\n\n\n\n<figure class=\"wp-block-embed is-type-video is-provider-youtube wp-block-embed-youtube wp-embed-aspect-4-3 wp-has-aspect-ratio\"><div class=\"wp-block-embed__wrapper\">\n<iframe loading=\"lazy\" title=\"Auf dem Weg ins Tonstudio\" width=\"629\" height=\"472\" src=\"https:\/\/www.youtube.com\/embed\/XwvxRv9VxO0?feature=oembed\" frameborder=\"0\" allow=\"accelerometer; autoplay; clipboard-write; encrypted-media; gyroscope; picture-in-picture; web-share\" referrerpolicy=\"strict-origin-when-cross-origin\" allowfullscreen><\/iframe>\n<\/div><\/figure>\n\n\n\n<div style=\"height:44px\" aria-hidden=\"true\" class=\"wp-block-spacer\"><\/div>\n\n\n\n<figure class=\"wp-block-embed is-type-video is-provider-youtube wp-block-embed-youtube wp-embed-aspect-4-3 wp-has-aspect-ratio\"><div class=\"wp-block-embed__wrapper\">\n<iframe loading=\"lazy\" title=\"Meine Kreuzfahrt-Werbung\" width=\"629\" height=\"472\" src=\"https:\/\/www.youtube.com\/embed\/ebF8NWxBWb4?feature=oembed\" frameborder=\"0\" allow=\"accelerometer; autoplay; clipboard-write; encrypted-media; gyroscope; picture-in-picture; web-share\" referrerpolicy=\"strict-origin-when-cross-origin\" allowfullscreen><\/iframe>\n<\/div><\/figure>\n\n\n\n<div style=\"height:50px\" aria-hidden=\"true\" class=\"wp-block-spacer\"><\/div>\n\n\n\n<figure class=\"wp-block-embed is-type-video is-provider-youtube wp-block-embed-youtube wp-embed-aspect-4-3 wp-has-aspect-ratio\"><div class=\"wp-block-embed__wrapper\">\n<iframe loading=\"lazy\" title=\"Das Meer\" width=\"629\" height=\"472\" src=\"https:\/\/www.youtube.com\/embed\/UV9-kIEkvUU?feature=oembed\" frameborder=\"0\" allow=\"accelerometer; autoplay; clipboard-write; encrypted-media; gyroscope; picture-in-picture; web-share\" referrerpolicy=\"strict-origin-when-cross-origin\" allowfullscreen><\/iframe>\n<\/div><\/figure>\n\n\n\n<div style=\"height:44px\" aria-hidden=\"true\" class=\"wp-block-spacer\"><\/div>\n\n\n\n<figure class=\"wp-block-embed is-type-video is-provider-youtube wp-block-embed-youtube wp-embed-aspect-16-9 wp-has-aspect-ratio\"><div class=\"wp-block-embed__wrapper\">\n<iframe loading=\"lazy\" title=\"ZHRP | Die Yakuza - Japanische Mafia in der Stadt Z\u00fcrich\" width=\"629\" height=\"354\" src=\"https:\/\/www.youtube.com\/embed\/9s4uJXvktvQ?feature=oembed\" frameborder=\"0\" allow=\"accelerometer; autoplay; clipboard-write; encrypted-media; gyroscope; picture-in-picture; web-share\" referrerpolicy=\"strict-origin-when-cross-origin\" allowfullscreen><\/iframe>\n<\/div><figcaption class=\"wp-element-caption\">Eine kleine Doku, von mir erfunden und produziert. Viel Spass \ud83d\ude42<\/figcaption><\/figure>\n\n\n\n<div style=\"height:32px\" aria-hidden=\"true\" class=\"wp-block-spacer\"><\/div>\n\n\n<div class=\"wp-block-image is-style-rounded\">\n<figure class=\"aligncenter size-large is-resized\"><img loading=\"lazy\" decoding=\"async\" width=\"1024\" height=\"1024\" src=\"https:\/\/helena-hepe.ch\/wp-content\/uploads\/2024\/07\/bild_mic-1024x1024.jpg\" alt=\"\" class=\"wp-image-290\" style=\"width:300px;height:auto\" srcset=\"https:\/\/helena-hepe.ch\/wp-content\/uploads\/2024\/07\/bild_mic-1024x1024.jpg 1024w, https:\/\/helena-hepe.ch\/wp-content\/uploads\/2024\/07\/bild_mic-300x300.jpg 300w, https:\/\/helena-hepe.ch\/wp-content\/uploads\/2024\/07\/bild_mic-150x150.jpg 150w, https:\/\/helena-hepe.ch\/wp-content\/uploads\/2024\/07\/bild_mic-768x768.jpg 768w, https:\/\/helena-hepe.ch\/wp-content\/uploads\/2024\/07\/bild_mic-88x88.jpg 88w, https:\/\/helena-hepe.ch\/wp-content\/uploads\/2024\/07\/bild_mic-900x900.jpg 900w, https:\/\/helena-hepe.ch\/wp-content\/uploads\/2024\/07\/bild_mic.jpg 1078w\" sizes=\"auto, (max-width: 1024px) 100vw, 1024px\" \/><\/figure>\n<\/div>\n\n\n<p class=\"has-text-align-center\">Du m\u00f6chtest meine Stimme f\u00fcr dein n\u00e4chstes Projekt? <br>Schreib mich gerne an. <a href=\"https:\/\/helena-hepe.ch\/?page_id=110\" data-type=\"URL\" data-id=\"https:\/\/helena-hepe.ch\/?page_id=110\">\ud83d\ude42<\/a><\/p>\n","protected":false},"excerpt":{"rendered":"<p>Meine Stimme Beschrieben wird meine Stimme als freundlich, liebevoll, beruhigend und warm. Klar, locker und sympathisch. Frech, jung und fein, schnell und leistungsstark. Als interessant, vielseitig, fantasievoll und selbstbewusst. Manchmal rau und knarrend, zackig und kr\u00e4ftig, mit einem ansteckenden Lachen. Meine Stimme ist mittig und hat einen grossen Spielraum. Mit einem Stimmalter von 20 bis [&hellip;]<\/p>\n","protected":false},"author":1,"featured_media":0,"parent":0,"menu_order":1,"comment_status":"closed","ping_status":"closed","template":"","meta":{"footnotes":""},"class_list":["post-215","page","type-page","status-publish","hentry"],"_links":{"self":[{"href":"https:\/\/helena-hepe.ch\/index.php?rest_route=\/wp\/v2\/pages\/215","targetHints":{"allow":["GET"]}}],"collection":[{"href":"https:\/\/helena-hepe.ch\/index.php?rest_route=\/wp\/v2\/pages"}],"about":[{"href":"https:\/\/helena-hepe.ch\/index.php?rest_route=\/wp\/v2\/types\/page"}],"author":[{"embeddable":true,"href":"https:\/\/helena-hepe.ch\/index.php?rest_route=\/wp\/v2\/users\/1"}],"replies":[{"embeddable":true,"href":"https:\/\/helena-hepe.ch\/index.php?rest_route=%2Fwp%2Fv2%2Fcomments&post=215"}],"version-history":[{"count":38,"href":"https:\/\/helena-hepe.ch\/index.php?rest_route=\/wp\/v2\/pages\/215\/revisions"}],"predecessor-version":[{"id":390,"href":"https:\/\/helena-hepe.ch\/index.php?rest_route=\/wp\/v2\/pages\/215\/revisions\/390"}],"wp:attachment":[{"href":"https:\/\/helena-hepe.ch\/index.php?rest_route=%2Fwp%2Fv2%2Fmedia&parent=215"}],"curies":[{"name":"wp","href":"https:\/\/api.w.org\/{rel}","templated":true}]}}